eatest common factor of v and c?
7
Let r be 7/14*57*(-4)/(-3). Calculate the highest common divisor of 342 and r.
38
Let x be (-42)/(-9)*((-180)/(-14) + 0). Calculate the highest common factor of x and 70.
10
Let y be (2376/(-30) - 0) + (-2)/(-10). Let m = y - -112. What is the highest common factor of 3 and m?
3
Let l(q) = -q + 48. Let v be l(15). What is the highest common factor of 44 and v?
11
Suppose -1 = 2*r - r - 2*k, 2*r + k = 13. Suppose r*x = 55 + 425. Let w = -2730 + 2742. Calculate the greatest common divisor of x and w.
12
Let g(v) = 94*v**2 - v + 9. Let u be g(3). What is the highest common factor of u and 12?
12
Let p(z) = 14*z**2 + z - 2. Let d be 2*(2 + (1 - 2)). Let r be p(d). Let l be (-5)/(-10)*22 + -3. Calculate the highest common factor of r and l.
8
Let k = 102 - 84. Let c = 107 + -53. What is the highest common factor of c and k?
18
Let o = 349 + -327. Calculate the greatest common divisor of o and 77.
11
Let w(x) = -7*x - 3. Let g be w(-27). Suppose -189*n = -g*n - 66. What is the highest common divisor of n and 176?
22
Let k = 1 + -9. Let o(h) = 2*h**2 + 9*h - 14. Let w be o(k). Calculate the greatest common factor of 6 and w.
6
Let o = -27 + 30. Let i be ((-48)/2)/3 - o. Let f be (-14)/(3 + 35/i). Calculate the greatest common factor of 7 and f.
7
Let k be 54/4*(-9 + (-37)/(-3)). What is the greatest common factor of 5 and k?
5
Let j be ((-2)/14)/((-71)/497). What is the greatest common factor of 67 and j?
1
Let q be 1*1/(-1) + 15. Let a = -14965 - -15000. What is the greatest common factor of q and a?
7
Suppose 92 = 4*b - 2*d, 2*b = -5*d + 20 + 50. Suppose -95*w + 89*w = 0. Suppose w = 27*z - 18*z - 45. Calculate the greatest common factor of b and z.
5
Let d(k) = 3*k - 6. Let r be d(4). Let w = 81 + -48. Suppose -w*b + 30*b = -90. Calculate the highest common divisor of b and r.
6
Let n be (-15)/6*(-67 - 5). Let j = 44 - 24. What is the highest common factor of j and n?
20
Suppose 16 + 8 = 4*d. Suppose 9 = -l + 3*r, 0*l = -2*l + 2*r - d. Suppose 2*p - 68 = -g, -5*p - 47 = -g - l*p. Calculate the highest common divisor of g and 31.
31
Suppose -249*s - 363 = -5*l - 245*s, 2*s - 231 = -3*l. Calculate the highest common divisor of l and 1450.
25
Let v = -27 + 68. Suppose -v = 3*t - 149. What is the highest common divisor of 48 and t?
12
Let m(t) = t**2 - 6*t - 11. Suppose -5*h + 47 = -8. Let g be m(h). Suppose 6 = 2*a - 2. Calculate the greatest common factor of a and g.
4
Let a be (24/5)/(2/10). Suppose 5*x - 17 = -32. Let n be 1*x*60/(-18) - -2. Calculate the highest common divisor of a and n.
12
Let k(a) = -5*a. Let z be k(-28). Let s be z/21 + 4/(-6). What is the greatest common factor of s and 6?
6
Suppose 29*k = 415 + 136. Calculate the greatest common divisor of 247 and k.
19
Suppose -2*g - 2 = 2, -4*r - 2*g - 24 = 0. Let i be (r + 54/8)*220. Calculate the greatest common factor of i and 35.
35
Suppose 0 = 13*a - 3558 - 5061. Calculate the highest common divisor of a and 78.
39
Let y be (6/3)/((-6776)/(-1352) - 5). What is the highest common factor of 26 and y?
13
Let a be (-19)/(2*3/(-6)). Let v = 10 + a. Suppose -3*u + v = -7. Calculate the highest common factor of 96 and u.
12
Suppose 744*w - 310 = 734*w. Calculate the greatest common divisor of w and 217.
31
Let s = 237 + -225. What is the greatest common divisor of s and 1524?
12
Let f = -369 - -551. Suppose 5*j - 4*k = -0*k + 134, -k - 1 = 0. Calculate the greatest common factor of f and j.
26
Let c = -33 - -133. Let q be (-15*(-20)/6)/2 - 0. Calculate the highest common factor of q and c.
25
Suppose 15 = 3*j + 2*j. Let f = j + 13. Let y = 24 - f. Calculate the greatest common factor of 88 and y.
8
Suppose 2*s - 2 = 2*y + s, 5*y - 4*s = -5. Let l(k) = -50*k**2 - k. Let h be l(y). Let u = 28 - h. Calculate the greatest common divisor of u and 11.
11
Let s be -5*6/15 + 855 + -3. What is the greatest common divisor of 50 and s?
50
Let w = -1017 - -1666. What is the highest common factor of w and 66?
11
Let m(l) = -30*l**2 + 67*l**2 - 32*l**2 - l**3 + 1. Suppose 0 = 5*p - 25 - 0. Let y be m(p). Calculate the greatest common factor of 1 and y.
1
Let x(l) = l**3 + 31*l**2 - 8*l - 131. Let k be x(-31). What is the highest common factor of k and 18?
9
Suppose -41 = -20*j + 159. What is the greatest common divisor of j and 410?
10
Let x = 21 + -19. Suppose x*o + q - 3*q = 22, -5*o - 5*q = -85. Let f = -80 + 206. Calculate the greatest common divisor of o and f.
14
Suppose -6*y = -5*y - 308. Let i be (0 - 3)/((-6)/y). Suppose -4*l - 15 + 71 = 0. Calculate the greatest common divisor of i and l.
14
Let a = 5 + 7. Suppose -2*z + 114 = 2*d, 3*d - 4*z + 15 = 207. Calculate the highest common divisor of d and a.
12
Let n(p) = p**2 - 10*p - 302. Let r be n(-15). What is the greatest common divisor of 949 and r?
73
Suppose 0 = -3*n + 5*h + 23, 2*n - 4*h - 3 - 11 = 0. What is the highest common factor of n and 176?
11
Suppose 3*y - 997 = -u + 1035, 5*y = 5*u + 3420. Calculate the greatest common factor of y and 485.
97
Let v be ((-16)/(-10))/((-4)/(-220)). Suppose -48*f + 52*f - v = 0. Let h be (-1 + 14/4)*22. Calculate the highest common divisor of f and h.
11
Let o(n) = 13*n**2 + n**3 + 0*n**3 - 36*n**2 + 13*n**2 + 9. Let t be o(10). Let q be 4 + t/(-6)*2. What is the greatest common factor of q and 2?
1
Let x = -192 + 213. What is the highest common factor of x and 112?
7
Suppose 3*m + 101 = x, 4*x + x - 2*m = 492. Suppose 2*g = 9 + 19. Calculate the greatest common factor of g and x.
14
Let u(a) = 2*a**2. Let j be u(1). Let c = 23 + -21. Let i(y) = 7*y + 4. Let o be i(c). What is the highest common factor of o and j?
2
Suppose 0 = 4*b + 4*g - 48, 0*g + 3*g = 3*b - 66. What is the greatest common divisor of 119 and b?
17
Let g = -461 - -472. What is the greatest common divisor of g and 88?
11
Let n(m) = -2*m**3 + 17*m**2 + 13*m. Let d be n(9). Let q = d - 24. What is the highest common factor of 12 and q?
12
Let a be (6 - (0 - -2)) + -2. Let f be 36/(-16)*-2*2. Suppose s = 3*m - f - 17, 5*m - 5*s = 30. Calculate the highest common divisor of m and a.
2
Suppose 3*h = -4*a + 1692, 1108 = 7*h - 5*h - 4*a. Calculate the highest common divisor of h and 84.
28
Let o(f) = 10*f + 260. Let y be o(-22). Suppose 0 = 3*j + j - 80. What is the highest common factor of y and j?
20
Let b(n) = -144*n - 627. Let l be b(-5). What is the greatest common divisor of l and 651?
93
Let d = 107 - 62. Let m = 3 - -6. What is the highest common divisor of d and m?
9
Let s = 115 - 111. Suppose s*a = -a + 330. What is the highest common factor of 88 and a?
22
Suppose -8 = -5*g + 87. Let p(u) = -u**2 + 6*u - 4. Let m be p(3). Suppose -147 = m*r - 907. What is the highest common divisor of r and g?
19
Let o(p) = -4*p + 4*p + 10 + 3*p. Let l be o(-4). Let z = l - -7. Calculate the greatest common factor of 5 and z.
5
Let y be ((0 + 2 + -3)*0)/(-1). Let c be (0 - y/1) + 34/1. What is the greatest common factor of 119 and c?
17
Suppose 0 = -5*r + 10, a - 2*r + 182 - 1003 = 0. What is the highest common factor of 75 and a?
75
Suppose 0 = -3*n + 2*w + 111, -4*w - 111 = 77*n - 80*n. What is the greatest common divisor of 2627 and n?
37
Let p(c) = -c**2 + 6*c + 1. Let b be p(3). Let z be (-1 - -4) + 3/((-6)/(-214)). Calculate the greatest common factor of z and b.
10
Suppose -3*a + 33 = -39. Let q(y) = y**2 - 5*y + 2. Let i be q(6). What is the greatest common factor of a and i?
8
Let a = -6 - -8. Let g be 26/4 + 1/a. Let m = -978 + 1055. What is the highest common divisor of m and g?
7
Let q(p) = -12*p**2 + 4*p - 7. Let n be q(2). Let b = n + 58. Calculate the greatest common factor of 11 and b.
11
Let l = 6388 + -6260. Let c(q) = -q**3 + q**2 + 2*q. Let z be c(-2). What is the greatest common divisor of z and l?
8
Let s = 21 + -22. Let u be (-4 - (0 + 3))/s. What is the greatest common factor of 35 and u?
7
Suppose 4*a - 4 = 0, -2*u + 3*a + 3 + 18 = 0. What is the highest common factor of u and 300?
12
Suppose 214*d + 392 = 218*d. What is the greatest common factor of d and 28?
14
Let o(f) = 6*f + 1 + 6*f**2 - 5*f**2 - 6*f. Let r be o(1). What is the greatest common factor of r and 26?
2
Let k = 9 - 13. Let f(j) = j**3 + 4*j**2 - 3*j + 5. Let g be f(k). Suppose -3*z = -z - 34. What is the highest com